inder when 229 is divided by 58.
55
What is the remainder when 1698 is divided by 34?
32
Calculate the remainder when 6956 is divided by 771.
17
Calculate the remainder when 342 is divided by 6.
0
Calculate the remainder when 374 is divided by 83.
42
Calculate the remainder when 703 is divided by 32.
31
Calculate the remainder when 1469 is divided by 46.
43
Calculate the remainder when 102 is divided by 34.
0
Calculate the remainder when 59 is divided by 5.
4
What is the remainder when 97 is divided by 21?
13
Calculate the remainder when 361 is divided by 306.
55
What is the remainder when 357 is divided by 120?
117
Calculate the remainder when 198 is divided by 71.
56
What is the remainder when 463 is divided by 78?
73
Calculate the remainder when 695 is divided by 15.
5
Calculate the remainder when 2265 is divided by 10.
5
Calculate the remainder when 368 is divided by 23.
0
What is the remainder when 3582 is divided by 73?
5
What is the remainder when 3578 is divided by 85?
8
What is the remainder when 304 is divided by 1?
0
Calculate the remainder when 459 is divided by 79.
64
What is the remainder when 3047 is divided by 127?
126
Calculate the remainder when 171 is divided by 98.
73
What is the remainder when 748 is divided by 57?
7
What is the remainder when 545 is divided by 87?
23
What is the remainder when 1140 is divided by 48?
36
What is the remainder when 1271 is divided by 201?
65
Calculate the remainder when 3687 is divided by 246.
243
Calculate the remainder when 804 is divided by 162.
156
Calculate the remainder when 333 is divided by 6.
3
Calculate the remainder when 1324 is divided by 1312.
12
Calculate the remainder when 70 is divided by 65.
5
What is the remainder when 8022 is divided by 71?
70
Calculate the remainder when 119 is divided by 6.
5
What is the remainder when 2649 is divided by 51?
48
Calculate the remainder when 177 is divided by 31.
22
What is the remainder when 535 is divided by 67?
66
Calculate the remainder when 71 is divided by 4.
3
What is the remainder when 88 is divided by 32?
24
What is the remainder when 128 is divided by 27?
20
What is the remainder when 2133 is divided by 133?
5
What is the remainder when 948 is divided by 159?
153
Calculate the remainder when 210 is divided by 84.
42
What is the remainder when 5834 is divided by 647?
11
What is the remainder when 15673 is divided by 75?
73
What is the remainder when 301 is divided by 77?
70
What is the remainder when 521 is divided by 401?
120
What is the remainder when 3369 is divided by 18?
3
What is the remainder when 55 is divided by 29?
26
What is the remainder when 1193 is divided by 46?
43
What is the remainder when 159 is divided by 80?
79
Calculate the remainder when 182 is divided by 53.
23
Calculate the remainder when 1098 is divided by 29.
25
Calculate the remainder when 719 is divided by 354.
11
Calculate the remainder when 10726 is divided by 122.
112
What is the remainder when 26 is divided by 17?
9
What is the remainder when 148 is divided by 27?
13
Calculate the remainder when 77 is divided by 24.
5
Calculate the remainder when 74 is divided by 12.
2
Calculate the remainder when 461 is divided by 77.
76
Calculate the remainder when 566 is divided by 57.
53
What is the remainder when 379 is divided by 7?
1
What is the remainder when 670 is divided by 81?
22
Calculate the remainder when 2574 is divided by 92.
90
What is the remainder when 1258 is divided by 15?
13
What is the remainder when 270 is divided by 14?
4
What is the remainder when 228 is divided by 117?
111
What is the remainder when 143 is divided by 53?
37
Calculate the remainder when 4449 is divided by 12.
9
What is the remainder when 35423 is divided by 48?
47
What is the remainder when 526 is divided by 16?
14
What is the remainder when 620 is divided by 61?
10
What is the remainder when 426 is divided by 298?
128
Calculate the remainder when 185 is divided by 76.
33
What is the remainder when 12023 is divided by 25?
23
What is the remainder when 214 is divided by 55?
49
What is the remainder when 214 is divided by 55?
49
What is the remainder when 1271 is divided by 75?
71
What is the remainder when 285 is divided by 41?
39
Calculate the remainder when 76 is divided by 16.
12
What is the remainder when 338 is divided by 23?
16
Calculate the remainder when 1083 is divided by 15.
3
What is the remainder when 117 is divided by 10?
7
What is the remainder when 5 is divided by 5?
0
What is the remainder when 700 is divided by 143?
128
Calculate the remainder when 405 is divided by 58.
57
Calculate the remainder when 306 is divided by 45.
36
Calculate the remainder when 1417 is divided by 129.
127
What is the remainder when 1061 is divided by 38?
35
Calculate the remainder when 1033 is divided by 342.
7
What is the remainder when 345 is divided by 162?
21
What is the remainder when 4949 is divided by 33?
32
What is the remainder when 37 is divided by 14?
9
Calculate the remainder when 111 is divided by 25.
11
What is the remainder when 1161 is divided by 212?
101
What is the remainder when 17566 is divided by 61?
59
What is the remainder when 5564 is divided by 15?
14
Calculate the remainder when 33 is divided by 8.
1
Calculate the remainder when 67 is divided by 17.
16
What is the remainder when 7433 is divided by 22?
19
What is the remainder when 2591 is divided by 18?
17
What is the remainder when 995 is divided by 47?
8
What is the remainder when 121 is divided by 71?
50
Calculate the remainder when 657 is divided by 261.
135
What is the remainder when 340 is divided by 82?
12
Calculate the remainder when 367 is divided by 76.
63
What is the remainder when 30 is divided by 3?
0
Calculate the remainder when 539 is divided by 140.
119
What is the remainder when 2194 is divided by 36?
34
What is the remainder when 103 is divided by 21?
19
What is the remainder when 389 is divided by 58?
41
What is the remainder when 115 is divided by 26?
11
Calculate the remainder when 118 is divided by 6.
4
What is the remainder when 215 is divided by 34?
11
Calculate the remainder when 20188 is divided by 30.
28
What is the remainder when 153 is divided by 72?
9
Calculate the remainder when 410 is divided by 29.
4
What is the remainder when 71 is divided by 63?
8
Calculate the remainder when 129 is divided by 12.
9
What is the remainder when 16471 is divided by 289?
287
Calculate the remainder when 66 is divided by 3.
0
What is the remainder when 12329 is divided by 19?
17
Calculate the remainder when 22 is divided by 19.
3
Calculate the remainder when 1761 is divided by 126.
123
What is the remainder when 393 is divided by 44?
41
What is the remainder when 53 is divided by 22?
9
Calculate the remainder when 105 is divided by 70.
35
What is the remainder when 60 is divided by 25?
10
What is the remainder when 263 is divided by 153?
110
What is the remainder when 1273 is divided by 91?
90
Calculate the remainder when 2799 is divided by 34.
11
Calculate the remainder when 326 is divided by 230.
96
Calculate the remainder when 805 is divided by 32.
5
Calculate the remainder when 287 is divided by 24.
23
What is the remainder when 90 is divided by 31?
28
Calculate the remainder when 389 is divided by 103.
80
What is the remainder when 481 is divided by 36?
13
Calculate the remainder when 44 is divided by 9.
8
What is the remainder when 8398 is divided by 80?
78
Calculate the remainder when 1816 is divided by 57.
49
Calculate the remainder when 128 is divided by 96.
32
Calculate the remainder when 274 is divided by 60.
34
What is the remainder when 357 is divided by 14?
7
What is the remainder when 94 is divided by 85?
9
Calculate the remainder when 1374 is divided by 8.
6
What is the remainder when 200 is divided by 65?
5
What is the remainder when 134 is divided by 27?
26
What is the remainder when 60 is divided by 18?
6
What is the remainder when 2602 is divided by 259?
12
Calculate the remainder when 1339 is divided by 444.
7
Calculate the remainder when 822 is divided by 11.
8
Calculate the remainder when 242 is divided by 90.
62
What is the remainder when 225 is divided by 6?
3
What is the remainder when 3752 is divided by 27?
26
What is the remainder when 4598 is divided by 43?
4